x = 2*k + 15. Suppose -n + 23 = 4*q, -x*n + 29 = -0*q + 4*q. What is the units digit of q?
5
What is the hundreds digit of (-156)/117 - (-5612)/6?
9
Suppose -r - 5*g - 8 = 0, -2*r = -r + 3*g + 4. Suppose 4*z + 3*c - 3 = r, -5*z - 4*c + 6 = 0. Suppose -z*n + 142 = 4. What is the units digit of n?
9
Let z(q) be the third derivative of q**5/20 + q**4/6 + 5*q**3/6 - 2*q**2. Suppose 0 = -3*l - o - 12, -2*l - o = -6 + 15. What is the tens digit of z(l)?
2
Suppose -l = -4*l + 114. Let j = l + -5. Let b = j - 2. What is the units digit of b?
1
Let g(c) = -c**3 - 3*c**2 + 4*c + 5. Let p be g(-4). Suppose 440 = 5*r + p*h, r + h - 103 = -3*h. What is the units digit of r?
3
Let i = 86 + -81. Suppose -705 = -i*a - 3*t, a - 3*t + 561 = 5*a. What is the hundreds digit of a?
1
Let m be (14/6)/((-2)/(-6)). Let o(x) = x**2 - 7*x + 4. Let y be o(m). What is the units digit of (-1248)/(-80) - y/(-10)?
6
Let j = 8 - 6. Suppose 3*s + j - 11 = 0. Suppose s*v - 122 = 2*t, 4*v = -v + t + 194. What is the units digit of v?
8
Let h(s) = s**3 + 2*s**2 - 2*s. Let x be -105 + -2 + 4 + 3. Let n be x/(-55) - 2/(-11). What is the tens digit of h(n)?
1
Let y be (-32)/(-1 - 3) + -3. Suppose -4*o - 6*w + 2*w + 28 = 0, o - 7 = y*w. What is the units digit of o?
7
Let s = 193 - 54. Suppose p - s - 66 = -t, -2*p - 796 = -4*t. What is the hundreds digit of t?
2
Suppose -l = -5*l + r + 621, -6 = -2*r. Let o = l + -96. What is the tens digit of o?
6
Let g(u) = 4*u + 39 - 30 - 3*u. What is the tens digit of g(27)?
3
Suppose 10 = 2*d, 2*r + 112 = 3*d - d. What is the tens digit of (r/2)/((-1)/(10 + 0))?
5
Suppose 2*t - 3*t - 5*s = -73, -3*t + 149 = s. Let j be t/8 - (-4)/(-1). Suppose 0*q - j*q + 40 = 0. What is the tens digit of q?
2
Suppose -y - 560 = -9*y. Let p = y + -46. What is the units digit of p?
4
What is the units digit of (1/6)/(17/102)?
1
Suppose -6*m = -2*w - 2*m + 2, -4*m = 5*w + 51. Let c(i) = -32*i - 9. Let j be c(w). Let g = j + -153. What is the units digit of g?
2
Suppose -5*l + 3*n + 542 = -1945, 3*n + 993 = 2*l. What is the hundreds digit of l?
4
Let g(n) = -n**3 + 17*n**2 - 29*n - 6. What is the units digit of g(14)?
6
Let c = 5634 + -3095. What is the thousands digit of c?
2
Let i(z) = -z**2 - 60*z - 147. What is the hundreds digit of i(-29)?
7
Suppose -5*l + 3*i = -3669, -5*l - i + 2160 = -1517. What is the tens digit of l?
3
What is the units digit of ((-314)/(-2))/((-25)/(-150))?
2
Let r(u) = -20*u**3 - 5*u**2 - 4*u - 2. What is the tens digit of r(-1)?
1
Let b(p) = -10*p**3 + 2*p**2 + 16*p + 1. Let o(g) = 3*g**3 - g**2 - 5*g. Suppose -3*a - 10 = 2*a. Let i(v) = a*b(v) - 7*o(v). What is the units digit of i(3)?
7
Suppose 12*k - 17*k + 2290 = 0. Suppose -18*q + k = -640. What is the units digit of q?
1
Let a = 2165 + -943. Suppose -71 = -q + 4*d + 155, -3*d = 5*q - a. What is the hundreds digit of q?
2
Let z be 2/5 - 700/(-125). Suppose -z*a + 168 = -2*a. Suppose 0 = 3*l + h - 38, -2*h - a = 5*l - 105. What is the tens digit of l?
1
Let k = 246 - 385. Let t(x) = 11*x**3 - 3*x**2 - 4*x - 5. Let z be t(-2). Let i = z - k. What is the tens digit of i?
4
Suppose 0 = -5*n + 5*v + 2230, -5*n - 2*v + 1686 = -509. What is the units digit of n?
1
Let f(h) = h**3 - 7*h**2 + 6. Let q be f(5). Let k = q - -108. What is the units digit of k?
4
Let t = -589 - -1090. What is the units digit of t?
1
Let x(y) = -3*y**2 + 20*y. Let u be x(6). What is the units digit of -5 + u + -4 - -37?
0
Let o be 100/60 - (-2)/6. Suppose -2*d = 5*u - 173, 0 = -o*d + u + u + 180. What is the tens digit of d?
8
Suppose -4*l + 6443 = 1027. What is the tens digit of l?
5
Let j = -8 + 25. Let v = 25 + j. Suppose -2*i = -4*p + 46, -v = -3*p + i + 3*i. What is the tens digit of p?
1
Let q(c) be the first derivative of -c**4/4 - 16*c**3/3 - 15*c**2/2 - 6*c - 2. Let s be q(-15). What is the units digit of ((-44)/s)/(2/3)?
1
Let t(w) be the third derivative of w**6/720 - w**5/120 + w**4/6 - 4*w**2. Let f(l) be the second derivative of t(l). What is the units digit of f(7)?
6
Suppose 5*t - r + 2*r + 482 = 0, -4*r = 4*t + 376. Let a = -51 - t. What is the units digit of a?
6
What is the units digit of (30200/16)/1*(-8)/(-10)?
0
What is the hundreds digit of 11136/144*2*3?
4
Let b(j) = j**3 + 7*j**2 - 50*j + 1. What is the units digit of b(-10)?
1
Suppose -2*z + 4 + 4 = 0. Suppose 0 = 2*k + z*h - 26, 0 = -7*k + 2*k - 2*h + 89. What is the tens digit of k?
1
What is the hundreds digit of ((-2 - -2) + 3)*334/3?
3
Let y(l) = 2*l**2 - 3*l - 7. Suppose -2*b + 3*w + 19 - 6 = 0, 0 = -5*b + 4*w + 29. What is the tens digit of y(b)?
2
Let y = 9 - 3. Let b be (12/(-8))/(y/16). What is the units digit of b*2/4 - -6?
4
Let u = -43 + 45. What is the units digit of (u*(-1)/4)/((-1)/90)?
5
Let k = -7789 + 13264. What is the hundreds digit of k?
4
Let q be (19 + -1)/((-2)/(-1)). Suppose -600 = -q*o - 105. What is the units digit of o?
5
Suppose 2*i + 2*j - 10 - 10 = 0, 72 = 4*i - 4*j. What is the tens digit of 2/(-5) - i/20*-22?
1
Let c(q) be the first derivative of -q**4/4 - 6*q**3 - 21*q**2/2 + 2*q - 6. What is the units digit of c(-17)?
0
Let m = -672 - -1186. What is the hundreds digit of m?
5
Let j = 4095 - 2867. What is the units digit of j?
8
Let a(o) = o**3 - 15*o**2 + 3*o - 40. What is the hundreds digit of a(16)?
2
Suppose -4*n + 5*c + 26 = 0, n - c - 7 + 1 = 0. Suppose 89 = n*v - 107. What is the units digit of v?
9
Let m(k) be the third derivative of -k**5/60 - k**4/12 - k**3/6 + 2*k**2. Let u be m(-1). What is the units digit of -1*(-2 - 1 - u)?
3
Let j(u) = u**3 + 8*u**2 - 6*u + 14. Let h be j(-7). Let y = h - 52. What is the tens digit of y?
5
Suppose 0 = -2*c + 2, -4*m + 4*c - 1153 = -105. Let h = m + 460. What is the units digit of h?
9
Let u(s) = -12*s + 1. Let p be u(1). Let t be 399/77 - (-2)/p. Suppose 37 = o + t. What is the units digit of o?
2
What is the units digit of (-89)/(-1) - (-3 + 7)?
5
Let b(s) = -s**2 + 5*s - 31. Let h(p) = 2*p**2 - 11*p + 62. Suppose -v = 8 - 2. Let u(k) = v*h(k) - 13*b(k). What is the units digit of u(0)?
1
Suppose 4*i + 3 = 5*i. Suppose -2 = -i*m + 3*v + 1, 5*m + 5 = -5*v. Suppose -s - 3 + 30 = m. What is the tens digit of s?
2
Suppose 0 = 4*g - 4*n - 64, 0*g + 4*n + 79 = 5*g. Suppose -20 = q - 4*a, a - g = -q - 2*a. Suppose -4*k + 108 = -q*k. What is the units digit of k?
7
Let z(o) = -36*o - 54. What is the units digit of z(-7)?
8
Suppose -16140 = -3*n + 3*i, -44*i = -4*n - 38*i + 21518. What is the hundreds digit of n?
3
Suppose -3 = l + 9. Let c = l + 24. What is the units digit of c?
2
Let c be 3/18 - 4258/(-12). Suppose -21*t = -26*t + c. What is the units digit of t?
1
Let o = -14 + 37. Let g = 28 - o. Suppose -4*l - 38 = -g*l. What is the units digit of l?
8
Let l = 17 + -24. Let x(g) = -g**2 - 3*g + 13. Let n be x(l). What is the units digit of ((-9)/n)/((-1)/(-5))?
3
Let y(m) = -m**3 - 7*m**2 - m + 6. Let u(b) = -7*b. Suppose t - 6 + 5 = 0. Let a be u(t). What is the tens digit of y(a)?
1
Let i = -13 + 12. Let b be 5 - (i + 1 - -3). Suppose 5*a + g = 17 + 15, -b*a = -5*g - 29. What is the units digit of a?
7
Let r = -95 + 31. Let v = r - -43. What is the units digit of 14/v - (-82)/6?
3
Let i be 14/(-21) - 2514/9. Let l be i/(-30) + 1/(-3). Let s = l + -5. What is the units digit of s?
4
Suppose -4001 = -10*u - 1011. What is the units digit of u?
9
Suppose 2607 = 4*y + 2163. What is the units digit of y?
1
Let y be (-9)/(4/2*(-4)/(-24)). Let m = y - -57. What is the tens digit of m?
3
Let b(d) = 18*d**2 - 7 - 47*d**2 + 2*d**3 - 9*d + 19*d**2 - d**3. What is the tens digit of b(11)?
1
Let q = -368 - -456. What is the units digit of q?
8
Let r(b) = -13*b**3 - b**2 - 1. Let m be (-1)/1 - (-2 - -3). What is the tens digit of r(m)?
9
What is the tens digit of ((-8)/6)/((-8)/2256)?
7
Let w = -107 - -26. Let l = 136 + w. What is the tens digit of l?
5
Let b(u) = -u**2 - 4*u. Let k be b(-2). Suppose 2*r + 435 = 3*j + 5*r, 0 = -2*j + k*r + 296. Let c = -89 + j. What is the tens digit of c?
5
Suppose 6 = 5*w + 41. Let f(i) = -i**3 - 5*i**2 + 9*i + 5. What is the units digit of f(w)?
0
Suppose 8*a - 80 = 3*a. Let t = 28 - a. Suppose -4*d = 2*r + 2, -2*r = r + d - t. What is the units digit of r?
5
Let w be -10 - 6*10/(-15). What is the units digit of (1*(-171)/w)/(